). Let m be 0 + 5 + k + 11. What is the greatest common factor of m and 1?
1
Let p = -572 - -1442. Suppose -863*s = -p*s + 448. Calculate the greatest common factor of s and 1280.
64
Suppose 8*v = 3*v + 5*p - 5, -5*v = -3*p + 3. Suppose 5*x - 180 = -v*x. What is the highest common factor of x and 4?
4
Suppose -8*y + 89 = h - 13*y, 3*y = 6. Calculate the greatest common factor of 1111 and h.
11
Suppose 3*r - 1673 = -2*f, 0 = -17*r + 20*r - 2*f - 1657. What is the greatest common divisor of r and 675?
15
Suppose 0 = k - 13*s + 17*s - 790, -4*k + 3104 = 2*s. Suppose 2*c = -2*x + k, 0 = c - 5*c + 12. What is the greatest common factor of 12 and x?
12
Suppose 0 = -3*g - 2*x - 366, -3*x - x = 12. Let f = g - -149. Suppose -2*d = -31 - f. What is the greatest common factor of d and 20?
10
Suppose 70 = 46*p - 160. Calculate the greatest common factor of p and 445.
5
Suppose -194 - 1456 = -12*n - 43*n. What is the highest common factor of n and 12?
6
Let f(i) = 756*i + 34. Let w be f(1). Suppose w + 310 = 10*n. Let s be 3/(51/(-30) - -2). Calculate the greatest common divisor of n and s.
10
Let z(y) = -y**3 - 3*y**2 + 23*y - 31. Let d be z(-7). What is the greatest common factor of 86 and d?
2
Let v = -255 + 259. Suppose 0 = 4*g - 4, 0*s + 26 = v*s - 2*g. Suppose -4*j = -789 + 145. What is the greatest common factor of j and s?
7
Let x be ((-155)/62)/((-3)/(-2 + 8)). Suppose -3*i + 6*h - 3*h = -894, 1486 = x*i - h. What is the highest common factor of 27 and i?
27
Let v(c) = 10 + 19 - 5*c - 35. Let i(p) = -p**2 - 10*p - 15. Let g be i(-9). Let r be v(g). Calculate the greatest common divisor of r and 216.
24
Let n(a) = 58*a + 629. Let w be n(0). Calculate the greatest common divisor of w and 185.
37
Let l(j) = 124*j + 6828. Let k be l(-54). What is the greatest common divisor of 187 and k?
11
Suppose -47*x + 57*x = 30. Let q(o) = 2*o**2 + 11*o - 30. Let y be q(x). What is the greatest common factor of 182 and y?
7
Let t(s) = 7*s**2 - 491*s - 226. Let w be t(71). Calculate the highest common divisor of 350 and w.
50
Suppose -6*y = 2*z - 9*y - 18, 3*z - 3*y = 24. Suppose z = 20*q - 114. What is the greatest common divisor of 150 and q?
6
Let m(h) be the first derivative of 32*h**4 - h**3 + 5*h**2/2 - h + 66. Let v be m(1). What is the greatest common factor of 3 and v?
3
Let c = -24354 - -25762. What is the highest common factor of c and 64?
64
Suppose -621512 - 617098 = -106*f. Calculate the greatest common divisor of f and 82.
41
Let i be -6 - (3*(-2)/(-2) - (321 + -172)). Calculate the highest common factor of i and 1036.
28
Let q(z) = 1 + z**3 + 2 + 10*z**2 + 7 - 19 + 14*z. Let b(v) = v**2 + 5*v - 21. Let d be b(-7). Let s be q(d). Calculate the highest common factor of s and 10.
10
Let m be 1 - 5*(5 - 6). Suppose -m*s = 136 - 1702. What is the highest common divisor of s and 9?
9
Let w(x) = -x**3 + 8*x**2 + 2*x. Let y be w(8). Let i(o) = -7*o - 5*o + 0*o - 45 - 19 + 41. Let d be i(-2). Calculate the greatest common divisor of d and y.
1
Let t = 714 - 706. Suppose -3*b - 2*l + 7 = 0, -5 + 0 = 5*b - 5*l. What is the greatest common divisor of b and t?
1
Suppose -5*f + 5*y = -f - 1071, 5*y = -3*f + 777. Suppose 11*q = 3*q + f. What is the greatest common factor of q and 55?
11
Let f(z) = 7*z**3 - 3*z**2 + 2. Let h be f(2). Let q = h + -41. Suppose -2*p = -6*p + 80. Calculate the highest common factor of p and q.
5
Suppose 5*d = -2*k + 3*k + 13, 5*k = 4*d - 2. Suppose v - k = 0, -4*v + 7*v = -4*i + 134. Calculate the greatest common factor of i and 160.
32
Let v be (-8)/18 - 3/(-27)*-8*(-1448)/16. Suppose 3*n = -2 + 20. Let w be 32/n*(-1 + 4). Calculate the greatest common divisor of w and v.
16
Let g = 6 - -2. Let r be ((-66)/g)/((-11)/352). Let n(z) = -7*z - 39. Let b be n(-9). What is the greatest common factor of r and b?
24
Suppose -5*g = -2*h - 197, 136*g - 3*h - 198 = 131*g. Let c(l) = 13*l - 2. Let t be c(2). Suppose -28 - t = -2*s. What is the highest common divisor of g and s?
13
Let n be (-13 - 0) + (7 - 3). Let b be (-2)/9 - 569/n. Let h = -82 + 103. Calculate the highest common factor of b and h.
21
Let m be ((-147)/12)/7*(-2 + 122). Let x be ((-6)/15)/(3/m). Suppose -3*w + 84 = -w. What is the greatest common divisor of w and x?
14
Let x be 3 + 1*-3 + 25 + 4. Let v = 33 - x. Suppose 0 = -v*h + 79 - 7. What is the highest common divisor of h and 36?
18
Let s(k) = k**3 + 7*k**2 - 19*k + 17. Let t be s(-9). Suppose 19*d - 277 = -30. What is the highest common divisor of d and t?
13
Let a = -6795 - -6807. What is the highest common factor of a and 1614?
6
Let m = 2 + -5. Let f be (10/m)/((-14)/525). Let s be (-146)/(-73)*1*25. What is the highest common factor of f and s?
25
Let v be (-286)/(-12) + (-660)/792. Suppose 3*w + 3*d = 636, -2*w + w + d = -202. What is the greatest common factor of v and w?
23
Suppose 5*l - 375 = z + z, 5*l + 5*z = 375. Suppose 0 = -i - 3*j + 33, -23*j + 45 = 5*i - 28*j. Calculate the greatest common factor of i and l.
15
Let h = 1260 + -1248. Calculate the highest common divisor of h and 69.
3
Suppose -5*u = 4*q - 3*q - 345, -69 = -u - 5*q. Let z(i) = 565 + i**2 + 26*i - 270 - 249. Let y be z(-26). What is the greatest common divisor of u and y?
23
Let k = -414 - -1094. What is the greatest common factor of 765 and k?
85
Suppose 6*f - 53 = 271. Suppose f = 2*y + 5*v, -y - 68 = -4*y - v. What is the highest common factor of 33 and y?
11
Let r be (-1263)/4 + 11/(-88)*2. Let f = -118 - r. What is the highest common divisor of f and 33?
33
Suppose 9*o - 10136 = -3*k + 5*o, -4*k + 13521 = -o. What is the highest common factor of k and 40?
20
Let u = -7018 + 7048. Calculate the highest common divisor of 28230 and u.
30
Let q be (-8390)/15*(-4)/(24/9). Let w = q + -581. Let l be w/15 - ((-24)/(-20) + -1). What is the greatest common factor of l and 153?
17
Let l be 2*(2709/14 - -4). What is the highest common factor of 155 and l?
5
Let h(l) = l**2 + 25*l + 70. Let m be h(-23). Suppose 650*r = 652*r - 20. Calculate the highest common divisor of m and r.
2
Let z = 179 - 123. Suppose v - 3 = d + 2*v, -2*v = 4*d + 2. Suppose -d*r + 84 = 4*r. Calculate the highest common factor of z and r.
14
Suppose -9*s = -3*s - 30. Suppose -3*j + s*j = -6, -2*l = -2*j + 90. Let r = l + 56. Calculate the greatest common factor of r and 40.
8
Let u(l) = -6*l - 2. Let y be u(2). Let r(z) = 4*z**2 + 32*z + 21. Let a be r(y). What is the highest common divisor of a and 51?
51
Let y(a) = 4*a + 62. Let o be y(-13). Suppose 471 = o*q - 279. What is the highest common factor of 3 and q?
3
Let f(o) = -o**2 - 22*o + 23. Let a be f(-17). Suppose 2*n + 748 = 2*s, -2*n = -0*n - 8. Calculate the highest common factor of s and a.
54
Let p(s) be the first derivative of -s**2/2 - s + 4. Suppose -3*n = 14*n + 102. Let b be p(n). What is the greatest common factor of 5 and b?
5
Let r be 0 + 16/6*6. Let v be ((1/1)/((-10)/(-350)))/1. Let k be (-11)/((-44)/(-12)) + v. Calculate the highest common factor of k and r.
16
Let s = 136366 - 79687. What is the greatest common divisor of 21 and s?
21
Suppose -2*k - 3 = -251. Let p = 9935 - 9856. Let w = k - p. Calculate the greatest common divisor of 15 and w.
15
Let l(v) = v**2 - 2*v - 18. Suppose 49 + 51 = -25*a. Let s be l(a). What is the greatest common divisor of 6 and s?
6
Let o be (-111)/12*43 + 3/4. Let z = 464 + o. What is the highest common factor of 402 and z?
67
Let r be 2*(-6)/(-2) - 6/2. Let f be 1 - (-5)/((-20)/(-48)). Let k = f + 2. What is the greatest common factor of k and r?
3
Suppose 5*l + 4*w = 125, -5*l = -2*w - 1545 + 1420. Suppose -p = 3*p - 4. Calculate the greatest common factor of l and p.
1
Suppose 0 = -8*n + 3*n + 10. Let w(z) = -315 + 0*z**n - 17*z + 311 - z**2. Let q be w(-16). Calculate the greatest common factor of 108 and q.
12
Suppose -31583 - 21386 = -220*a + 72431. Calculate the greatest common divisor of a and 150.
30
Let x be -4 + 1 + 12 - 11 - (-1961 + -1). What is the greatest common divisor of 160 and x?
40
Suppose -5*v + 5*k = -1220, 2*v + 28*k - 481 = 23*k. Let c be (-2)/7 + (-2409)/21. Let x = v + c. Calculate the greatest common factor of x and 16.
16
Let q be ((-72)/20)/((-58)/3335). Calculate the highest common factor of 153 and q.
9
Suppose -o = -2*q + 334, q - o + 